units digit of c?
5
Let d = -600 + 613. Suppose -d*c - 466 + 5016 = 0. What is the tens digit of c?
5
Suppose -9*n - 514 + 8110 = 0. Suppose n = 7*f - 1515. What is the hundreds digit of f?
3
Let l(m) = m**3 + 14*m**2 + 4*m + 29. Suppose 2*f = -5*q - 35 - 1, 5*q = -10. What is the units digit of l(f)?
6
Let m be 609/33 - 6*(-5)/55. Let f = 583 + m. What is the units digit of f?
2
Let i(z) = -3*z - 27. Let j(l) = -2*l - 27. Let u(h) = -4*i(h) + 5*j(h). Let c be u(15). Suppose 5 = t, c*t = 4*r - 0*r - 177. What is the units digit of r?
8
Let l(k) = -21*k**2 + 2*k + 42. Let v(m) = m**3. Let c(w) = -l(w) - v(w). What is the tens digit of c(20)?
1
Suppose 0 = k - 4*k + 261. Let n = k - 84. What is the tens digit of 3*n/36 - (-1262)/8?
5
What is the hundreds digit of 1 + -2 - (-1 + 2 - (278 - -63))?
3
What is the units digit of 94/(24/(-18)*(-12)/8328)?
7
Suppose -4*x - 9 = -17. Suppose 2*d + x*l = -0*d, 4*d = 3*l + 14. Suppose a - 16 = -d*u + 15, 3*a = 4*u + 53. What is the tens digit of a?
2
Suppose 0 = -4*h - 5*o + 147333 + 132958, -4*o + 350375 = 5*h. What is the thousands digit of h?
0
Let g = 53 + -60. What is the units digit of g + 2 - 3/((-9)/519)?
8
Let w(v) = 2*v**3 + 38*v**2 - 93*v + 85. What is the units digit of w(-21)?
4
Let a be 4/28*2*70. Suppose a*v + 110 - 1530 = 0. What is the units digit of v?
1
Suppose 22743 = -3*l - 4*b + 109227, 0 = -4*l - 4*b + 115312. What is the tens digit of l?
2
Suppose 0 = 5*r + 3*h - 2*h - 230, 5*h = 0. What is the tens digit of 6/4 + 51589/r?
2
Let c(l) = -90*l + 81*l - 269*l + 6 - 307*l. What is the hundreds digit of c(-1)?
5
Let a be 3/(8 - 29/4). Let c(r) = 83*r**2 - 16*r + 42. What is the thousands digit of c(a)?
1
Let s(r) = -8*r**3 + 4*r + 5. Let c be s(-2). Let v = c - -92. Suppose 4*g = v + 167. What is the units digit of g?
0
Suppose -3*p - 5*q = -641, 33*p - 211 = 32*p + q. What is the hundreds digit of p?
2
Suppose 10*o - 17*o - 32144 = 0. Let g = -1707 - o. Suppose -389 + g = 12*z. What is the tens digit of z?
0
Suppose 4*d - 2*d = 6. Suppose -r + 622 = -d*x, 0 = 2*x - 0*x - 4*r + 398. Let h = x + 304. What is the units digit of h?
5
Suppose -355*a + 352*a = -5*i - 6686, i = -3*a + 6680. What is the thousands digit of a?
2
Let t = 32816 - 12599. What is the thousands digit of t?
0
Suppose 63912 = 3*x + 3*m, 26840 = 3*x + 4*m - 37066. What is the tens digit of x?
1
Suppose -152*l + 20740 = -147*l. What is the units digit of l?
8
Let g be 570/25*10/4. Let m = g + -52. Suppose -m*x = l - 549, x + x - 216 = -4*l. What is the tens digit of x?
1
Let d(q) be the third derivative of 331*q**6/24 - q**5/20 + q**4/6 - q**3/3 - q**2 - 240*q. What is the hundreds digit of d(1)?
6
Suppose 37*z - 30*z = 14. Suppose 2*l + 2656 = 2*n, z*n + 3*l - 3978 = -n. What is the units digit of n?
7
Let z be -2*(-2)/24 + (-46)/(-12). Suppose t = z*t - 282. What is the tens digit of t?
9
Let n(h) = 33*h**2 - 5*h + 5. Let f be n(2). Let g = f + 336. What is the tens digit of g?
6
Let f be 1*(11184/(-20))/((-10)/25). Suppose 5*p - 1177 = f. What is the tens digit of p?
1
Let l(d) = -7*d + 129. Suppose h - 25 = a - 9, 5*a = -5*h + 40. What is the units digit of l(h)?
5
Let x(j) = -89*j**3 - 6*j**2 - 4*j + 5. Let z be x(-3). Suppose 15*y = 2*y + z. What is the units digit of y?
2
Suppose -34 = -41*f + 48. Let b(a) = 473*a - 84. What is the units digit of b(f)?
2
What is the thousands digit of -38956*(4/10 + 428/80 + -6)?
9
Let y(w) = 23*w + 140. Let x be y(21). Suppose -3*u - 2*h = -x, -3*u + 595 = -2*h - 3*h. What is the tens digit of u?
0
Suppose 0 = -5*v - 38 + 8. Let d(s) = 2*s + 15. Let u be d(v). Suppose 0 = -5*o - y - 305 + 1422, 4*y + 661 = u*o. What is the units digit of o?
3
Suppose -3*a - 17*a + 30820 = 0. Let y = a + -836. What is the units digit of y?
5
Let r = 23396 + -11836. What is the hundreds digit of r?
5
What is the units digit of ((-381)/9)/(((-147)/(-666))/(-49))?
8
Let z(i) = -i**3 + 18*i**2 + 37*i - 6. Suppose -31 = 2*x - 4*x + 5*v, 0 = x + v - 12. What is the thousands digit of z(x)?
1
Let z(p) = -5*p**3 - 7*p**2 - 2*p - 5. Let u(s) = s**3 + s**2. Let j(h) = -6*u(h) - z(h). Let o be j(0). Let q = 17 + o. What is the units digit of q?
2
Suppose 20254*f - 20227*f - 1143450 = 0. What is the units digit of f?
0
Let q = -82 + 81. What is the hundreds digit of (697/(-5) - q)*110/(-44)?
3
Suppose 4*t + 5 = 6*t + a, 5*a - 25 = 0. Suppose -2*u + 1394 = 2*n + 2*n, 3*u + 4*n - 2081 = t. What is the hundreds digit of u?
6
Suppose -90*d + 847789 = 92867 - 967138. What is the hundreds digit of d?
1
Suppose -3*a - 2*n + 20 - 56 = 0, a = 2*n - 12. Let r be a/(-10)*(-1260)/(-27). Suppose -f = -0*f - r. What is the tens digit of f?
5
Let s(y) = -2565*y + 479. What is the hundreds digit of s(-4)?
7
Let m = 15493 + 1620. What is the units digit of m?
3
Suppose 38 = 8*h + 11*h. What is the units digit of (4/8 - h) + 555/6?
1
Suppose -2*q = -3*m - 27, -5*q - 3*m + 25 = -11. Let a be 2/q + 12009/27. Suppose -3*r + a = 5*t - 0*r, t - 4*r - 89 = 0. What is the units digit of t?
9
Let p = -22701 + 42191. What is the thousands digit of p?
9
Suppose 4*y - v - 17209 = 0, -41*y + 40*y = 4*v - 4281. What is the hundreds digit of y?
3
Let p = 547 - -153. Suppose -70*o + p = -56*o. What is the units digit of o?
0
Let o be 0 + 0 - 2 - 78. Let j(p) = 17*p - 369. Let l be j(30). Let b = l + o. What is the tens digit of b?
6
Let l(g) = 62*g**2 - 6*g - 16. Suppose 2*a = 2, -12*o = -17*o - 4*a - 11. What is the units digit of l(o)?
0
Suppose -4*h = 4*c - 0*h, 3*h = 2*c - 25. Suppose -c*j = -113 - 72. Let a = j + 71. What is the tens digit of a?
0
Let m(a) = -11*a - 18. Let q(p) = 11*p + 18. Let v(j) = 7*m(j) + 6*q(j). Let r = 239 + -248. What is the tens digit of v(r)?
8
Suppose 17 - 42 = -5*x. Suppose -6*k + 4*w = -2*k - 1676, -2*k = -x*w - 826. What is the units digit of k?
3
Suppose -2*x - 8 = 0, 2*x + 112 = 4*u + 5*x. Suppose 5*i - u = -4*b + 2*i, b - 6 = i. Suppose 5*c = b*c - 114. What is the units digit of c?
7
Suppose 0 = -9*w + 217 + 17. Let h be -2 - 5/(-2) - (-91)/w. What is the tens digit of (-61)/h*(-7 - 1)?
2
Let a = -16974 + 25338. What is the tens digit of a?
6
What is the hundreds digit of (-1 - -15882) + 2 + -11?
8
Let b = -31528 - -45318. What is the hundreds digit of b?
7
Let r(u) = 3*u**2 + 31*u + 186. What is the thousands digit of r(-57)?
8
Let j(s) = 1686*s**2 + 1. Let v be j(1). Suppose -8*y + 2113 + v = 0. What is the tens digit of y?
7
Suppose -4*g + 20 = 0, 5*w - 4 = 5*g + 1. Suppose -s + w - 1 = 0. Suppose 5*v = 10 + s. What is the units digit of v?
3
Let u(a) = -a**2 - 18*a - 77. Let t be u(-8). Suppose 4*s - t*q = 1309, -2*s + q + 4*q = -637. What is the hundreds digit of s?
3
Let m = 3966 + -2324. What is the thousands digit of m?
1
Suppose -30*s + 273178 + 388232 = 0. What is the tens digit of s?
4
Let l = 46 - 20. Let j = -79 - -101. Let p = l - j. What is the units digit of p?
4
Let l = -19 + 10. Let f be l + 12 + -3 + 0 + 198. Let n = 328 - f. What is the tens digit of n?
3
Let w = -669 + 683. What is the hundreds digit of ((-2936)/w)/((-44)/308)?
4
Suppose 23*v - 3105 - 1702 = 0. Let i = 1144 - v. What is the tens digit of i?
3
Let z = 25 - 24. Suppose 4 = m - z. Suppose -2*d + c = 2*d - 116, -m*d - c = -136. What is the tens digit of d?
2
Let m be -13 + 8 + 1369/1. Suppose -2*a + 1282 = -3*l, -2*a - 3*l = -m + 58. What is the hundreds digit of a?
6
Let j = -629 - -1940. Suppose -3*x = -4*v - j, 3*x + 5*v + 867 = 5*x. What is the units digit of x?
1
Let k = 497 + -497. What is the tens digit of (-11277)/(-63) - (k + 6)?
7
Let d = 1947 - 471. What is the thousands digit of d?
1
Let i = -3070 + 6856. What is the hundreds digit of i?
7
What is the tens digit of 3*(-5)/(-10)*(-10)/75*-49145?
2
Let m = 3883 - 979. What is the tens digit of 12/16*m/3?
2
Suppose 5*q + 0*k = -3*k + 67, -4*k + 16 = 0. Suppose 0*j + 6930 = q*j. What is the tens digit of j?
3
Let n = 10874 - 3339. What is the hundreds digit of ((-6)/(-10) - n/(-25))/1?
3
Suppose -2*a = -4*l + a + 82, l = -3*a + 13. Suppose -q - 55 = t + l, 0 = 5*t + q + 362. Let b = -58 - t. What is the units digit of b?
4
Let x be 5/5 + -4 - (-796)/2. Let t = 1004 + x. What is the thousands digit of t?
1
Suppose x + 4*x = -15. Let h be 12/9 - x - 3/9. Wha